- 12) + 2/(-1). Let j = k - z. Calculate the remainder when 7 is divided by j.
3
Suppose -b - o + 66 = 23, 0 = 4*b - 2*o - 160. Calculate the remainder when 237 is divided by b.
32
Suppose 157 = 2*j - 3*q, 2*j - 5*q + 188 = 5*j. Let p = j - 38. What is the remainder when 2/(-2)*97*-1 is divided by p?
31
Let j be 0/(-2*(-2 - -1)). Suppose j = -r - 1, 2*b = -2*r + 4*r + 42. What is the remainder when b is divided by 13?
7
What is the remainder when 86 is divided by 441/15 + 15/25?
26
Let x(w) = -3*w + 36. Calculate the remainder when 19 is divided by x(7).
4
Suppose -13 = 3*w + 5. Let h be (w + 4)*-2*1. Suppose 9*j - 62 = h*j + 3*p, j + 6 = -4*p. What is the remainder when 17 is divided by j?
7
Suppose -6*f + f - 45 = 0. Let v be -1 - f - (-4 + 6). What is the remainder when 2/3 - (-422)/v is divided by 24?
23
Let z(p) = -2*p**3 + 2*p**2 + p + 4. Let i be z(3). Let a = i - -31. Calculate the remainder when 6 is divided by a.
0
Suppose 6*w - 42 = -144. Suppose -18 = g - 49. Calculate the remainder when g is divided by w/(-3)*(0 + 3).
14
Let a(c) = -c**3 + c**2 + 18*c - 3. Calculate the remainder when a(-8) is divided by 36.
33
Suppose 4*u + n + 3*n = 32, -3*n - 1 = -2*u. Suppose 3*q - 105 = 3*l, q + 1 = -u*l + 66. Calculate the remainder when q is divided by 21.
19
Let r be (-49 + -1)*(8 + (-60)/8). Calculate the remainder when (11/(-55))/(1/r) is divided by 2.
1
Let d = -1 - 3. Let v = d - 9. Let i = -6 - v. Calculate the remainder when 12 is divided by i.
5
Suppose -218 = -2*x + 3*u, 4*x - 254 = 4*u + 174. What is the remainder when x is divided by 210/8 - 12/(-16)?
22
Suppose -73*z + 72*z = -8. Let t = -3 + 7. Suppose -t*x = x - 155. Calculate the remainder when x is divided by z.
7
Let v(i) = -i**3 - 10*i**2 + 17*i + 17. Let c be v(-12). Suppose 1 - c = -4*w. Let x(r) = 3*r - 9. Calculate the remainder when w is divided by x(6).
7
Let c(a) = -4*a + 8. Let s = 4 - 14. Let l be c(s). Suppose -2*w = -w - l. Calculate the remainder when w is divided by 18.
12
Suppose 0*t = -2*t + 136. Calculate the remainder when t is divided by ((-22)/(-26) - (-10)/65) + 17.
14
Let o(q) = q - 18. Let c be o(0). Let r be 3/12 + c/(-24). Let j = r + 5. Calculate the remainder when 16 is divided by j.
4
Suppose 5*t = t + 88. Let q(a) = -a**3 - a + 86. What is the remainder when q(0) is divided by t?
20
Let y(s) = 16*s**2. Let m be (-56)/30 - -2 - 420/(-225). What is the remainder when -63*(m*-1 - (-4)/4) is divided by y(1)?
15
Let o = 127 + -216. Let d = -41 - o. Calculate the remainder when d is divided by 21.
6
Let o = 22 + -19. Suppose 4*h = -2*b + 30, -o*h - 17 = -2. What is the remainder when 96 is divided by b?
21
Let f = 95 + -91. Suppose 0 - 8 = -2*i. Let c = 4 + i. Calculate the remainder when c is divided by f.
0
Let y(d) = -2*d**3 + 3*d + 2. Let n(o) = o**3 - 7*o**2 + o - 9. Let x be n(7). Calculate the remainder when y(x) is divided by 3.
0
Let k(f) = -f**2 + 7*f - 8. Calculate the remainder when 5 is divided by k(3).
1
Let l(x) = x**3 - x**2 + x + 17. What is the remainder when (7028/32)/7 - 120/320 is divided by l(0)?
14
Let s = -934 + 965. Calculate the remainder when s is divided by 11.
9
Suppose -2*o + 3*o - 12 = 2*r, 0 = -r - 4. Let f = -18 - -85. What is the remainder when f is divided by (o/8)/(3/210)?
32
Let i be (-2)/(-2)*-1 - -3. Let v be 3*6*i/6. What is the remainder when ((-8)/v)/((-2)/57) is divided by 10?
8
Let k(x) = -150*x**3 + 2*x**2 + 4*x. Calculate the remainder when k(-1) is divided by 28.
8
Let p be 22/20*16 - (-3)/(-5). Suppose v = -2*m + 5*m + p, -3*m + 6 = 0. What is the remainder when v is divided by 3?
2
Suppose -3*y = -i + 7, -2*y - 12 = -i - 4*y. Let f = -8 - -13. Let a(r) = 7*r - 6. Calculate the remainder when a(f) is divided by i.
9
Suppose -5*u = 71 - 281. Let q = -25 + u. What is the remainder when q is divided by 10?
7
Let h(k) = 6*k - 19. Let n be 10/3 + (-18)/(-27). Let s = 80 + n. Calculate the remainder when s is divided by h(8).
26
Let i be (-2*(-1 - 2))/2. Suppose c + i - 6 = 0. Let k = 13 - c. What is the remainder when 38 is divided by k?
8
Let v(y) = y**3 - 6*y**2 + 14*y - 47. Calculate the remainder when v(6) is divided by 14.
9
Let l be ((-1)/((-4)/168))/2. Suppose 0 = -5*s + 2*s + 9. Let n = l - s. Calculate the remainder when 52 is divided by n.
16
Suppose l - 35 = -340. Let h = -211 - l. What is the remainder when h is divided by 24?
22
Let n be ((-3)/6)/((-1)/4). Suppose -5*o = 4*w - 25, -n*w + 0*w + 8 = 2*o. What is the remainder when o is divided by 4?
1
Let b = -967 - -1311. What is the remainder when b is divided by 24?
8
Let a(t) = -t**3 + 11*t**2 + 13*t - 12. Let w be a(12). Suppose w*i - 8*i = -224. What is the remainder when i is divided by 6?
4
Let s(q) = -43*q - 2. What is the remainder when s(-4) is divided by 72?
26
Let q(u) = -u**3 + 3*u**2 + u - 3. Let a be q(3). Suppose a*d + 5 = 5*d. Calculate the remainder when (d/1 - 4) + 6 is divided by 3.
0
Let y be (-501)/(-9)*(7 - 4). Suppose 4*x - y = 109. What is the remainder when 50 is divided by x/4 - 7/28?
16
Suppose 6*y = 131 - 119. What is the remainder when 3 is divided by y?
1
Let g = -288 + 367. What is the remainder when g is divided by 31?
17
What is the remainder when 272 is divided by (12 - 1)/11*(-3 + 26)?
19
Suppose -2*c = -o + 35, 64 + 1 = 3*o + 2*c. Calculate the remainder when 94 is divided by o.
19
Let q = -6 + 2. Let u be ((-20)/(-16))/((-1)/q). Suppose -4*s - 3*v = -5*v - 42, -u*s + v = -60. What is the remainder when s is divided by 7?
6
Suppose -119 = -25*u + 18*u. Calculate the remainder when 184 is divided by u.
14
Let p = 1499 - 1494. Let z = 55 - 24. Calculate the remainder when z is divided by p.
1
Let q be -12*1*(-4 + (-3)/4). Let z = 88 - q. What is the remainder when 56 is divided by z?
25
Let p(b) = 5*b**2 + 3*b - 9. Let d be p(4). Suppose d = -3*k + 2*w, k + 21 = 3*w + w. Let j = 34 + k. What is the remainder when 9 is divided by j?
4
Suppose a - 52 = 51. Let k = -53 + a. What is the remainder when k is divided by 13?
11
Suppose 0 = 8*k - 12*k + 1952. Suppose c = -3*c + k. What is the remainder when c is divided by 41?
40
Let j(z) = -z**2 - 13*z + 297. What is the remainder when 110 is divided by j(-24)?
11
Suppose 2*l - l = -5*m + 28, 3*m = -4*l + 27. Let f = m + -5. Suppose f = -2*n + r + 14, -4*n + 6*r - 2*r = -36. What is the remainder when 9 is divided by n?
4
Let c be (-8910)/(-80) + 3/(-8). Suppose 40 = -4*k + 3*t + c, k - 2*t - 19 = 0. Let h = -6 + 38. Calculate the remainder when h is divided by k.
15
Let c(v) = 3*v + 7. Let t(d) = -2*d - 6. Let j(s) = -5*c(s) - 6*t(s). Suppose 4*k - 81 = -0*b - 3*b, 0 = 2*k. What is the remainder when b is divided by j(-2)?
6
Suppose 0 = 161*v - 158*v - 12. Let g = -1 + 5. Calculate the remainder when g is divided by v.
0
Suppose 16 = -6*r + 46. Suppose 2*h + 3*d = -0*d + 34, 0 = r*d - 10. Calculate the remainder when h is divided by 3.
2
What is the remainder when 3/(-4) - (-3 + (-813)/12) is divided by 22?
4
Let b = -21 - -75. Suppose 0*v - 2*v + b = 0. What is the remainder when v is divided by 15?
12
What is the remainder when 63 is divided by (-26677)/(-444) - 4/48?
3
Let h = 15 + 15. Let i = h + 8. Calculate the remainder when i is divided by 31/3 - 15/45.
8
Let u(j) = -6*j + 28. What is the remainder when u(-6) is divided by 34?
30
Let s(a) = -57*a**3 - a**2 - a. Let k be s(-1). Suppose -6*q = k + 69. Let l = q - -25. What is the remainder when 7 is divided by l?
3
Suppose -15*t + 250 = -5*t. What is the remainder when 47 is divided by t?
22
Suppose -480 = -37*l + 32*l + 5*t, 284 = 3*l - 5*t. Calculate the remainder when 385 is divided by l.
91
Let x = 35 + -22. What is the remainder when (-2)/(-14)*-2 - 127117/(-2807) is divided by x?
6
Suppose 36*m - 86 = 31*m + 2*j, -m + 28 = -4*j. Suppose b = 5*n - 226, -2*n + 60 = -4*b - 16. What is the remainder when n is divided by m?
14
Let d(t) = t**2 + 7*t + 8. Let b be d(-6). Let l = 9 + b. What is the remainder when 30 is divided by l?
8
Let l = -38 + 47. Calculate the remainder when 140 is divided by l.
5
Let u = -69 + 98. What is the remainder when u is divided by 12/54 + (-133)/(-9)?
14
Suppose 4*r + t + 170 = -2*t, t + 2 = 0. Calculate the remainder when (r/5 + 1)/(3/(-45)) is divided by 1 + (-2)/((-2)/21).
20